 = -1933 - -1961. What is the remainder when 103 is divided by l?
19
Suppose 4*y - 506 = -122. What is the remainder when (11/(308/y))/(1/7) is divided by 5?
4
Let g(o) be the first derivative of -o**3/3 - 9*o**2/2 + 13*o + 4. Let p be g(-10). What is the remainder when 37 is divided by (52/6)/(2/p)?
11
Calculate the remainder when (-3715)/(-30) + 2/12 is divided by 18.
16
Let w = 6 + 0. Let v = -53 - -65. Calculate the remainder when -3*22*(-6)/v is divided by w.
3
Let b(l) = 3*l**2 + 21*l + 43. Calculate the remainder when 206 is divided by b(-5).
11
Let w = 38 - 5. Let i = -43 + 43. Suppose 17 = k - i. What is the remainder when w is divided by k?
16
Let b(z) = -z**3 + 8*z**2 + 6*z + 7. What is the remainder when b(8) is divided by 7?
6
Suppose -4 = 2*q, 28 = 5*z - 4*q - 15. Suppose 9 = z*m - 4*m. Let u(i) = 2*i**2. What is the remainder when 53 is divided by u(m)?
17
Suppose 2*s - 2*o = 266, -2*s - 662 = -7*s + 4*o. What is the remainder when s is divided by 23?
15
Let w(d) = 5*d - 7. Let q be 44/(-33) - 386/(-6). Suppose g - 5*n - q = 0, 3*g - 2*n = 2*g + 66. Calculate the remainder when g is divided by w(6).
22
Let j(m) = 15*m**2 - 6*m + 15. Let z = 22 - 20. Calculate the remainder when j(z) is divided by 4.
3
Suppose 2*i - 2 = -4*z, -3*i - z = 2 + 5. What is the remainder when 12 is divided by 11 + 1 + -2 + i?
5
Suppose 4*i = 5*k - 496 - 166, 0 = -4*k + 2*i + 532. What is the remainder when k is divided by 34?
32
Suppose 6*c + 741 = 33. Let l = -29 - c. Calculate the remainder when l is divided by 30.
29
Let b(f) = -2 - 6 - 2*f**2 + 5 - 8*f + f**2. Calculate the remainder when (-1)/(-5) + (-595)/(-25) is divided by b(-6).
6
What is the remainder when (-168)/35*(-15)/12 is divided by 6?
0
What is the remainder when (6/(-21))/(1 + (-240)/238) is divided by 12?
10
Let t(v) = 11*v**3 - v**2 - 2*v + 1. Let q(b) = -33*b**3 + 2*b**2 + 6*b - 3. Let s(d) = -3*q(d) - 8*t(d). What is the remainder when 34 is divided by s(1)?
10
Let l be (-2)/(-2)*(-14 - -15). Suppose -4*h = 3*w - 47, w + h - 19 = 3*h. Calculate the remainder when w is divided by (-2 + 1/l)/(9/(-45)).
2
Let k = 203 + -175. What is the remainder when 81 is divided by k?
25
What is the remainder when (-2)/3*(-80 + -19) is divided by 18?
12
Let j(k) = 6*k - 1. Let f be j(6). Suppose 4*i = 85 + f. What is the remainder when i is divided by 16?
14
Let v(m) = 58*m**2 - m + 1. Let s = 69 - 68. Calculate the remainder when v(s) is divided by 30.
28
Let c(s) = 5*s + 1. Suppose -z = 2 - 8. Suppose x + 3*l - 7 - 15 = 0, 2*l - 4 = 0. What is the remainder when c(z) is divided by x?
15
Let b = 41 + -28. Let d = 6 + -3. Suppose -3*i - w = -4*w + 3, -d*i - 13 = -5*w. What is the remainder when b is divided by i?
1
Suppose -5*l + h + 262 = 0, -5*l = h - 11 - 247. What is the remainder when l is divided by 11?
8
Let n(d) = -92*d + 69. What is the remainder when n(-6) is divided by 39?
36
Let o(z) = -6*z - 14. Let v(p) = -p + 1. Let q(g) = -o(g) - 4*v(g). What is the remainder when 97 is divided by q(4)?
47
What is the remainder when 87 is divided by (-1265)/(-44) - (-15)/12?
27
Let o(p) = 49*p**2 + 2*p - 6. Calculate the remainder when o(2) is divided by 50.
44
Let p(i) = 10*i**2 - i + 2. Let n = -29 + 30. Calculate the remainder when p(n) is divided by 3.
2
Let x = -122 + 138. Calculate the remainder when 105 is divided by x.
9
What is the remainder when 269 is divided by (-54)/1*(-50)/30?
89
Suppose t + 4*x - 63 = 5, -4*t + 5*x + 356 = 0. What is the remainder when t is divided by 22?
18
Suppose 2*b - 14 = -k, -3*b + 2*k + 43 = -2*k. Suppose 5*h = -3*l + 4, -2*l + b = 2*h - 5*h. What is the remainder when (-38)/(-4) - 4/(-8) is divided by l?
1
Suppose -12 = -4*i + 4. Suppose 0 = 4*l - i*k - 96, -2*l - 71 = -5*l + 2*k. Calculate the remainder when 112 is divided by l.
20
Calculate the remainder when 5 is divided by 40/12 - (-16)/(-12).
1
Let j be 80/15 - 3/9. Suppose 53 = 4*t + j*b, -2*b - 5 = -7*b. Calculate the remainder when 59 is divided by t.
11
Suppose -5*j - 3*c + 249 = 0, -86*c = -4*j - 82*c + 180. What is the remainder when 285 is divided by j?
45
Let y(i) be the second derivative of -49*i**3/3 + i**2/2 - 113*i. Suppose 0 = -5*z - 4 - 1. What is the remainder when y(z) is divided by 25?
24
Let g(y) = -2*y + 6. Let u be g(12). Let r = u + 51. Calculate the remainder when 162 is divided by r.
30
Let h(t) = 3*t - 6. Let v be (-38)/(-8) - (-3)/12. Let z be h(v). Suppose 4*r - 5*r + z = 0. Calculate the remainder when 35 is divided by r.
8
Suppose 5*a + 264 = 4*w, -3*w + 3*a = -148 - 53. What is the remainder when 1772 is divided by w?
68
Let f(t) = 8*t**2. Let v = -22 - -43. Calculate the remainder when v is divided by f(-1).
5
Suppose 191*a = 189*a + 162. What is the remainder when a is divided by 18?
9
Let x(f) = -2*f**2 + 4*f - 8. Let q be x(4). Let l = q - -22. Calculate the remainder when 65 - ((-5)/(-5) - l) is divided by 17.
11
Let s(k) = -k**3 + 14*k**2 - 23*k - 2. Suppose 0 = -3*r + 37 - 1. What is the remainder when s(r) is divided by (2/4)/((-3)/(-24))?
2
Suppose -67 = -5*b + 3*s, 2*s + 60 + 8 = 5*b. Let n(l) = -l**3 + 57*l**2 - 304*l - 96. Calculate the remainder when b is divided by n(51).
2
Suppose -14*o + 44*o - 540 = 0. Calculate the remainder when 267 is divided by o.
15
Calculate the remainder when 43 is divided by 0 - (-7 + 6) - (0 + -39).
3
Let p be 0*2/(-18)*-3. Suppose p*r = 2*r - 44. Suppose 4*c - 27 = -3*o - 3, -5*c = 5*o - 30. What is the remainder when r is divided by c?
4
Suppose 0 = 6*u - 87 - 87. What is the remainder when 55 is divided by u?
26
Let q(g) = 2*g**3 - 9*g**2 + 5*g - 1. Let i(v) = -3*v**3 + 17*v**2 - 9*v + 2. Let w(c) = 3*i(c) + 5*q(c). Calculate the remainder when w(-6) is divided by 4.
1
Let q = 182 - 80. Let w(y) = -77*y - 273. What is the remainder when q is divided by w(-4)?
32
Let b(s) = -s**3 + 9*s**2 - 12*s + 15. Calculate the remainder when b(5) is divided by 35.
20
Suppose 3*a = -6, 4*a + 1 = -p + 8. Calculate the remainder when 74 is divided by p.
14
Let o(i) = 2 + 3*i**3 - 5 - 2*i**3 + 6*i - 4*i**2. Suppose -4*h - 149 + 157 = 0. What is the remainder when o(h) is divided by 1?
0
Suppose 4*s + 38 = 322. Suppose 5*n - s - 56 = r, 5*n + 5*r - 145 = 0. Let z(m) = m**3 + 4*m**2 - 8*m - 6. What is the remainder when n is divided by z(-5)?
8
Let m = -29 + 31. Suppose -5*n - m*x = -35, -n + 0*x + 2*x = 5. What is the remainder when 13 is divided by n?
3
Suppose -9*o = -10 - 80. Calculate the remainder when 15 is divided by o.
5
Calculate the remainder when (6 + -1)*(-84)/(-15) is divided by 3 - 33/6 - (-306)/36.
4
Suppose 5*n - 13 = 157. What is the remainder when 135 is divided by n?
33
Let y = -700 - -706. What is the remainder when 115 is divided by y?
1
Suppose 62 = 4*p - 86. What is the remainder when 101 is divided by p?
27
Suppose -3*v + h = -318, 2*v - 202 = 3*h + h. What is the remainder when v is divided by 34?
5
Let h = -533 + 589. Calculate the remainder when h is divided by 29.
27
Let c be -1*2*33/(-6). Suppose 4*j - c = 29. Suppose -d + 10 = -j. What is the remainder when d is divided by 11?
9
Suppose 4*x + 2*h = 26, -13 = -5*x + h + 9. Suppose 4*s - 72 = -2*z - 0, 0 = -x*z + 3*s + 115. What is the remainder when 76 is divided by z?
24
Suppose 5*d - 3*s = 354, -4*d + 282 = -s - s. Calculate the remainder when 104 is divided by d.
35
Suppose 4*v + 112 + 25 = 3*f, -v - 83 = -2*f. Suppose -4*x = -3*x - i - 11, 7 = 2*x + 3*i. What is the remainder when f is divided by x?
7
Suppose -1080 = -r - 272. What is the remainder when r is divided by 30?
28
Suppose -4*g - 5*t + 163 = -360, -4*g - 2*t + 538 = 0. Let h = g - 88. Let l = -43 - -60. Calculate the remainder when h is divided by l.
15
Let b be -16 + (-16 + 0)/4. Calculate the remainder when (-21 - b)*(-57 + 0 + -1) is divided by 30.
28
Suppose 7*h - 600 = 15*h. Let p = 86 + h. What is the remainder when 75 is divided by p?
9
Suppose 0 = -3*o - 0*o + 63. Let z(a) = -4 - 7*a + 15 - a - 9*a. Calculate the remainder when z(-3) is divided by o.
20
Suppose 0 = -5*n - 5, -5*n - 24 - 97 = -2*v. Suppose v = 3*p + 2*g, -p + 14 = -0*p - 2*g. Calculate the remainder when p is divided by 4.
2
Let q be 3/((-18)/(-4)) + (-20900)/(-150). Let o = 147 - q. What is the remainder when o is divided by 